{"id":2153,"date":"2024-03-07T14:02:39","date_gmt":"2024-03-07T13:02:39","guid":{"rendered":"https:\/\/kserodruk.com.pl\/?page_id=2153"},"modified":"2024-03-19T12:57:06","modified_gmt":"2024-03-19T11:57:06","slug":"portfolio","status":"publish","type":"page","link":"http:\/\/kserodruk.com.pl\/?page_id=2153","title":{"rendered":"Portfolio"},"content":{"rendered":"\t\t<div data-elementor-type=\"wp-page\" data-elementor-id=\"2153\" class=\"elementor elementor-2153\" data-elementor-post-type=\"page\">\n\t\t\t\t<div class=\"elementor-element elementor-element-35bf2e7 e-flex e-con-boxed e-con e-parent\" data-id=\"35bf2e7\" data-element_type=\"container\" data-settings=\"{&quot;content_width&quot;:&quot;boxed&quot;}\" data-core-v316-plus=\"true\">\n\t\t\t\t\t<div class=\"e-con-inner\">\n\t\t\t\t<div class=\"elementor-element elementor-element-2b1fdbd elementor-invisible elementor-widget elementor-widget-image\" data-id=\"2b1fdbd\" data-element_type=\"widget\" data-settings=\"{&quot;_animation&quot;:&quot;fadeInLeft&quot;}\" data-widget_type=\"image.default\">\n\t\t\t\t<div class=\"elementor-widget-container\">\n\t\t\t<style>\/*! elementor - v3.19.0 - 07-02-2024 *\/\n.elementor-widget-image{text-align:center}.elementor-widget-image a{display:inline-block}.elementor-widget-image a img[src$=\".svg\"]{width:48px}.elementor-widget-image img{vertical-align:middle;display:inline-block}<\/style>\t\t\t\t\t\t\t\t\t\t<img fetchpriority=\"high\" decoding=\"async\" width=\"240\" height=\"241\" src=\"http:\/\/kserodruk.com.pl\/wp-content\/uploads\/2024\/02\/strz_n.png\" class=\"attachment-large size-large wp-image-665\" alt=\"\" srcset=\"http:\/\/kserodruk.com.pl\/wp-content\/uploads\/2024\/02\/strz_n.png 240w, http:\/\/kserodruk.com.pl\/wp-content\/uploads\/2024\/02\/strz_n-150x150.png 150w\" sizes=\"(max-width: 240px) 100vw, 240px\" \/>\t\t\t\t\t\t\t\t\t\t\t\t\t<\/div>\n\t\t\t\t<\/div>\n\t\t\t\t<div class=\"elementor-element elementor-element-929c28e elementor-widget elementor-widget-heading\" data-id=\"929c28e\" data-element_type=\"widget\" data-widget_type=\"heading.default\">\n\t\t\t\t<div class=\"elementor-widget-container\">\n\t\t\t<style>\/*! elementor - v3.19.0 - 07-02-2024 *\/\n.elementor-heading-title{padding:0;margin:0;line-height:1}.elementor-widget-heading .elementor-heading-title[class*=elementor-size-]>a{color:inherit;font-size:inherit;line-height:inherit}.elementor-widget-heading .elementor-heading-title.elementor-size-small{font-size:15px}.elementor-widget-heading .elementor-heading-title.elementor-size-medium{font-size:19px}.elementor-widget-heading .elementor-heading-title.elementor-size-large{font-size:29px}.elementor-widget-heading .elementor-heading-title.elementor-size-xl{font-size:39px}.elementor-widget-heading .elementor-heading-title.elementor-size-xxl{font-size:59px}<\/style><h2 class=\"elementor-heading-title elementor-size-default\">kserodruk to najni\u017csze ceny w mie\u015bcie i szybka realizacja<\/h2>\t\t<\/div>\n\t\t\t\t<\/div>\n\t\t\t\t<div class=\"elementor-element elementor-element-afa2d78 elementor-widget elementor-widget-heading\" data-id=\"afa2d78\" data-element_type=\"widget\" data-widget_type=\"heading.default\">\n\t\t\t\t<div class=\"elementor-widget-container\">\n\t\t\t<h2 class=\"elementor-heading-title elementor-size-default\">PORTFOLIO<\/h2>\t\t<\/div>\n\t\t\t\t<\/div>\n\t\t\t\t<div class=\"elementor-element elementor-element-1f45bee elementor-widget elementor-widget-text-editor\" data-id=\"1f45bee\" data-element_type=\"widget\" data-widget_type=\"text-editor.default\">\n\t\t\t\t<div class=\"elementor-widget-container\">\n\t\t\t<style>\/*! elementor - v3.19.0 - 07-02-2024 *\/\n.elementor-widget-text-editor.elementor-drop-cap-view-stacked .elementor-drop-cap{background-color:#69727d;color:#fff}.elementor-widget-text-editor.elementor-drop-cap-view-framed .elementor-drop-cap{color:#69727d;border:3px solid;background-color:transparent}.elementor-widget-text-editor:not(.elementor-drop-cap-view-default) .elementor-drop-cap{margin-top:8px}.elementor-widget-text-editor:not(.elementor-drop-cap-view-default) .elementor-drop-cap-letter{width:1em;height:1em}.elementor-widget-text-editor .elementor-drop-cap{float:left;text-align:center;line-height:1;font-size:50px}.elementor-widget-text-editor .elementor-drop-cap-letter{display:inline-block}<\/style>\t\t\t\t<p>Oto klika z przyk\u0142ad\u00f3w naszych realizacji.\u00a0<\/p>\t\t\t\t\t\t<\/div>\n\t\t\t\t<\/div>\n\t\t\t\t\t<\/div>\n\t\t\t\t<\/div>\n\t\t<div class=\"elementor-element elementor-element-82d5945 e-flex e-con-boxed e-con e-parent\" data-id=\"82d5945\" data-element_type=\"container\" data-settings=\"{&quot;background_background&quot;:&quot;classic&quot;,&quot;content_width&quot;:&quot;boxed&quot;}\" data-core-v316-plus=\"true\">\n\t\t\t\t\t<div class=\"e-con-inner\">\n\t\t\t\t<div class=\"elementor-element elementor-element-0ff019d gallery-spacing-custom elementor-widget elementor-widget-image-gallery\" data-id=\"0ff019d\" data-element_type=\"widget\" data-widget_type=\"image-gallery.default\">\n\t\t\t\t<div class=\"elementor-widget-container\">\n\t\t\t<style>\/*! elementor - v3.19.0 - 07-02-2024 *\/\n.elementor-image-gallery .gallery-item{display:inline-block;text-align:center;vertical-align:top;width:100%;max-width:100%;margin:0 auto}.elementor-image-gallery .gallery-item img{margin:0 auto}.elementor-image-gallery .gallery-item .gallery-caption{margin:0}.elementor-image-gallery figure img{display:block}.elementor-image-gallery figure figcaption{width:100%}.gallery-spacing-custom .elementor-image-gallery .gallery-icon{padding:0}@media (min-width:768px){.elementor-image-gallery .gallery-columns-2 .gallery-item{max-width:50%}.elementor-image-gallery .gallery-columns-3 .gallery-item{max-width:33.33%}.elementor-image-gallery .gallery-columns-4 .gallery-item{max-width:25%}.elementor-image-gallery .gallery-columns-5 .gallery-item{max-width:20%}.elementor-image-gallery .gallery-columns-6 .gallery-item{max-width:16.666%}.elementor-image-gallery .gallery-columns-7 .gallery-item{max-width:14.28%}.elementor-image-gallery .gallery-columns-8 .gallery-item{max-width:12.5%}.elementor-image-gallery .gallery-columns-9 .gallery-item{max-width:11.11%}.elementor-image-gallery .gallery-columns-10 .gallery-item{max-width:10%}}@media (min-width:480px) and (max-width:767px){.elementor-image-gallery .gallery.gallery-columns-2 .gallery-item,.elementor-image-gallery .gallery.gallery-columns-3 .gallery-item,.elementor-image-gallery .gallery.gallery-columns-4 .gallery-item,.elementor-image-gallery .gallery.gallery-columns-5 .gallery-item,.elementor-image-gallery .gallery.gallery-columns-6 .gallery-item,.elementor-image-gallery .gallery.gallery-columns-7 .gallery-item,.elementor-image-gallery .gallery.gallery-columns-8 .gallery-item,.elementor-image-gallery .gallery.gallery-columns-9 .gallery-item,.elementor-image-gallery .gallery.gallery-columns-10 .gallery-item{max-width:50%}}@media (max-width:479px){.elementor-image-gallery .gallery.gallery-columns-2 .gallery-item,.elementor-image-gallery .gallery.gallery-columns-3 .gallery-item,.elementor-image-gallery .gallery.gallery-columns-4 .gallery-item,.elementor-image-gallery .gallery.gallery-columns-5 .gallery-item,.elementor-image-gallery .gallery.gallery-columns-6 .gallery-item,.elementor-image-gallery .gallery.gallery-columns-7 .gallery-item,.elementor-image-gallery .gallery.gallery-columns-8 .gallery-item,.elementor-image-gallery .gallery.gallery-columns-9 .gallery-item,.elementor-image-gallery .gallery.gallery-columns-10 .gallery-item{max-width:100%}}<\/style>\t\t<div class=\"elementor-image-gallery\">\n\t\t\t<div id='gallery-1' class='gallery galleryid-2153 gallery-columns-3 gallery-size-full'><figure class='gallery-item'>\n\t\t\t<div class='gallery-icon portrait'>\n\t\t\t\t<a data-elementor-open-lightbox=\"yes\" data-elementor-lightbox-slideshow=\"0ff019d\" data-elementor-lightbox-title=\"u2str_plakat\" data-e-action-hash=\"#elementor-action%3Aaction%3Dlightbox%26settings%3DeyJpZCI6MjM0NiwidXJsIjoiaHR0cDpcL1wva3Nlcm9kcnVrLmNvbS5wbFwvd3AtY29udGVudFwvdXBsb2Fkc1wvMjAyNFwvMDNcL3Uyc3RyX3BsYWthdC5qcGciLCJzbGlkZXNob3ciOiIwZmYwMTlkIn0%3D\" href='http:\/\/kserodruk.com.pl\/wp-content\/uploads\/2024\/03\/u2str_plakat.jpg'><img decoding=\"async\" width=\"617\" height=\"800\" src=\"http:\/\/kserodruk.com.pl\/wp-content\/uploads\/2024\/03\/u2str_plakat.jpg\" class=\"attachment-full size-full\" alt=\"\" srcset=\"http:\/\/kserodruk.com.pl\/wp-content\/uploads\/2024\/03\/u2str_plakat.jpg 617w, http:\/\/kserodruk.com.pl\/wp-content\/uploads\/2024\/03\/u2str_plakat-231x300.jpg 231w\" sizes=\"(max-width: 617px) 100vw, 617px\" \/><\/a>\n\t\t\t<\/div><\/figure><figure class='gallery-item'>\n\t\t\t<div class='gallery-icon portrait'>\n\t\t\t\t<a data-elementor-open-lightbox=\"yes\" data-elementor-lightbox-slideshow=\"0ff019d\" data-elementor-lightbox-title=\"u2str_plakat2\" data-e-action-hash=\"#elementor-action%3Aaction%3Dlightbox%26settings%3DeyJpZCI6MjM1MCwidXJsIjoiaHR0cDpcL1wva3Nlcm9kcnVrLmNvbS5wbFwvd3AtY29udGVudFwvdXBsb2Fkc1wvMjAyNFwvMDNcL3Uyc3RyX3BsYWthdDIuanBnIiwic2xpZGVzaG93IjoiMGZmMDE5ZCJ9\" href='http:\/\/kserodruk.com.pl\/wp-content\/uploads\/2024\/03\/u2str_plakat2.jpg'><img decoding=\"async\" width=\"617\" height=\"800\" src=\"http:\/\/kserodruk.com.pl\/wp-content\/uploads\/2024\/03\/u2str_plakat2.jpg\" class=\"attachment-full size-full\" alt=\"\" srcset=\"http:\/\/kserodruk.com.pl\/wp-content\/uploads\/2024\/03\/u2str_plakat2.jpg 617w, http:\/\/kserodruk.com.pl\/wp-content\/uploads\/2024\/03\/u2str_plakat2-231x300.jpg 231w\" sizes=\"(max-width: 617px) 100vw, 617px\" \/><\/a>\n\t\t\t<\/div><\/figure><figure class='gallery-item'>\n\t\t\t<div class='gallery-icon portrait'>\n\t\t\t\t<a data-elementor-open-lightbox=\"yes\" data-elementor-lightbox-slideshow=\"0ff019d\" data-elementor-lightbox-title=\"u2str_plakat3\" data-e-action-hash=\"#elementor-action%3Aaction%3Dlightbox%26settings%3DeyJpZCI6MjM1MiwidXJsIjoiaHR0cDpcL1wva3Nlcm9kcnVrLmNvbS5wbFwvd3AtY29udGVudFwvdXBsb2Fkc1wvMjAyNFwvMDNcL3Uyc3RyX3BsYWthdDMuanBnIiwic2xpZGVzaG93IjoiMGZmMDE5ZCJ9\" href='http:\/\/kserodruk.com.pl\/wp-content\/uploads\/2024\/03\/u2str_plakat3.jpg'><img loading=\"lazy\" decoding=\"async\" width=\"617\" height=\"800\" src=\"http:\/\/kserodruk.com.pl\/wp-content\/uploads\/2024\/03\/u2str_plakat3.jpg\" class=\"attachment-full size-full\" alt=\"\" srcset=\"http:\/\/kserodruk.com.pl\/wp-content\/uploads\/2024\/03\/u2str_plakat3.jpg 617w, http:\/\/kserodruk.com.pl\/wp-content\/uploads\/2024\/03\/u2str_plakat3-231x300.jpg 231w\" sizes=\"(max-width: 617px) 100vw, 617px\" \/><\/a>\n\t\t\t<\/div><\/figure><figure class='gallery-item'>\n\t\t\t<div class='gallery-icon portrait'>\n\t\t\t\t<a data-elementor-open-lightbox=\"yes\" data-elementor-lightbox-slideshow=\"0ff019d\" data-elementor-lightbox-title=\"u2str_plakat4\" data-e-action-hash=\"#elementor-action%3Aaction%3Dlightbox%26settings%3DeyJpZCI6MjM1NiwidXJsIjoiaHR0cDpcL1wva3Nlcm9kcnVrLmNvbS5wbFwvd3AtY29udGVudFwvdXBsb2Fkc1wvMjAyNFwvMDNcL3Uyc3RyX3BsYWthdDQuanBnIiwic2xpZGVzaG93IjoiMGZmMDE5ZCJ9\" href='http:\/\/kserodruk.com.pl\/wp-content\/uploads\/2024\/03\/u2str_plakat4.jpg'><img loading=\"lazy\" decoding=\"async\" width=\"617\" height=\"800\" src=\"http:\/\/kserodruk.com.pl\/wp-content\/uploads\/2024\/03\/u2str_plakat4.jpg\" class=\"attachment-full size-full\" alt=\"\" srcset=\"http:\/\/kserodruk.com.pl\/wp-content\/uploads\/2024\/03\/u2str_plakat4.jpg 617w, http:\/\/kserodruk.com.pl\/wp-content\/uploads\/2024\/03\/u2str_plakat4-231x300.jpg 231w\" sizes=\"(max-width: 617px) 100vw, 617px\" \/><\/a>\n\t\t\t<\/div><\/figure><figure class='gallery-item'>\n\t\t\t<div class='gallery-icon portrait'>\n\t\t\t\t<a data-elementor-open-lightbox=\"yes\" data-elementor-lightbox-slideshow=\"0ff019d\" data-elementor-lightbox-title=\"u2str_plakat5\" data-e-action-hash=\"#elementor-action%3Aaction%3Dlightbox%26settings%3DeyJpZCI6MjM1OCwidXJsIjoiaHR0cDpcL1wva3Nlcm9kcnVrLmNvbS5wbFwvd3AtY29udGVudFwvdXBsb2Fkc1wvMjAyNFwvMDNcL3Uyc3RyX3BsYWthdDUuanBnIiwic2xpZGVzaG93IjoiMGZmMDE5ZCJ9\" href='http:\/\/kserodruk.com.pl\/wp-content\/uploads\/2024\/03\/u2str_plakat5.jpg'><img loading=\"lazy\" decoding=\"async\" width=\"617\" height=\"800\" src=\"http:\/\/kserodruk.com.pl\/wp-content\/uploads\/2024\/03\/u2str_plakat5.jpg\" class=\"attachment-full size-full\" alt=\"\" srcset=\"http:\/\/kserodruk.com.pl\/wp-content\/uploads\/2024\/03\/u2str_plakat5.jpg 617w, http:\/\/kserodruk.com.pl\/wp-content\/uploads\/2024\/03\/u2str_plakat5-231x300.jpg 231w\" sizes=\"(max-width: 617px) 100vw, 617px\" \/><\/a>\n\t\t\t<\/div><\/figure><figure class='gallery-item'>\n\t\t\t<div class='gallery-icon portrait'>\n\t\t\t\t<a data-elementor-open-lightbox=\"yes\" data-elementor-lightbox-slideshow=\"0ff019d\" data-elementor-lightbox-title=\"zz_ulotka4\" data-e-action-hash=\"#elementor-action%3Aaction%3Dlightbox%26settings%3DeyJpZCI6MjIzNCwidXJsIjoiaHR0cDpcL1wva3Nlcm9kcnVrLmNvbS5wbFwvd3AtY29udGVudFwvdXBsb2Fkc1wvMjAyNFwvMDNcL3p6X3Vsb3RrYTQuanBnIiwic2xpZGVzaG93IjoiMGZmMDE5ZCJ9\" href='http:\/\/kserodruk.com.pl\/wp-content\/uploads\/2024\/03\/zz_ulotka4.jpg'><img loading=\"lazy\" decoding=\"async\" width=\"617\" height=\"800\" src=\"http:\/\/kserodruk.com.pl\/wp-content\/uploads\/2024\/03\/zz_ulotka4.jpg\" class=\"attachment-full size-full\" alt=\"\" srcset=\"http:\/\/kserodruk.com.pl\/wp-content\/uploads\/2024\/03\/zz_ulotka4.jpg 617w, http:\/\/kserodruk.com.pl\/wp-content\/uploads\/2024\/03\/zz_ulotka4-231x300.jpg 231w\" sizes=\"(max-width: 617px) 100vw, 617px\" \/><\/a>\n\t\t\t<\/div><\/figure><figure class='gallery-item'>\n\t\t\t<div class='gallery-icon portrait'>\n\t\t\t\t<a data-elementor-open-lightbox=\"yes\" data-elementor-lightbox-slideshow=\"0ff019d\" data-elementor-lightbox-title=\"zz_ulotka5\" data-e-action-hash=\"#elementor-action%3Aaction%3Dlightbox%26settings%3DeyJpZCI6MjIzNSwidXJsIjoiaHR0cDpcL1wva3Nlcm9kcnVrLmNvbS5wbFwvd3AtY29udGVudFwvdXBsb2Fkc1wvMjAyNFwvMDNcL3p6X3Vsb3RrYTUuanBnIiwic2xpZGVzaG93IjoiMGZmMDE5ZCJ9\" href='http:\/\/kserodruk.com.pl\/wp-content\/uploads\/2024\/03\/zz_ulotka5.jpg'><img loading=\"lazy\" decoding=\"async\" width=\"617\" height=\"800\" src=\"http:\/\/kserodruk.com.pl\/wp-content\/uploads\/2024\/03\/zz_ulotka5.jpg\" class=\"attachment-full size-full\" alt=\"\" srcset=\"http:\/\/kserodruk.com.pl\/wp-content\/uploads\/2024\/03\/zz_ulotka5.jpg 617w, http:\/\/kserodruk.com.pl\/wp-content\/uploads\/2024\/03\/zz_ulotka5-231x300.jpg 231w\" sizes=\"(max-width: 617px) 100vw, 617px\" \/><\/a>\n\t\t\t<\/div><\/figure><figure class='gallery-item'>\n\t\t\t<div class='gallery-icon portrait'>\n\t\t\t\t<a data-elementor-open-lightbox=\"yes\" data-elementor-lightbox-slideshow=\"0ff019d\" data-elementor-lightbox-title=\"zz_ulotka3dzielna2\" data-e-action-hash=\"#elementor-action%3Aaction%3Dlightbox%26settings%3DeyJpZCI6MjI0MywidXJsIjoiaHR0cDpcL1wva3Nlcm9kcnVrLmNvbS5wbFwvd3AtY29udGVudFwvdXBsb2Fkc1wvMjAyNFwvMDNcL3p6X3Vsb3RrYTNkemllbG5hMi5qcGciLCJzbGlkZXNob3ciOiIwZmYwMTlkIn0%3D\" href='http:\/\/kserodruk.com.pl\/wp-content\/uploads\/2024\/03\/zz_ulotka3dzielna2.jpg'><img loading=\"lazy\" decoding=\"async\" width=\"617\" height=\"800\" src=\"http:\/\/kserodruk.com.pl\/wp-content\/uploads\/2024\/03\/zz_ulotka3dzielna2.jpg\" class=\"attachment-full size-full\" alt=\"\" srcset=\"http:\/\/kserodruk.com.pl\/wp-content\/uploads\/2024\/03\/zz_ulotka3dzielna2.jpg 617w, http:\/\/kserodruk.com.pl\/wp-content\/uploads\/2024\/03\/zz_ulotka3dzielna2-231x300.jpg 231w\" sizes=\"(max-width: 617px) 100vw, 617px\" \/><\/a>\n\t\t\t<\/div><\/figure><figure class='gallery-item'>\n\t\t\t<div class='gallery-icon portrait'>\n\t\t\t\t<a data-elementor-open-lightbox=\"yes\" data-elementor-lightbox-slideshow=\"0ff019d\" data-elementor-lightbox-title=\"zz_ulotka3dzielna3\" data-e-action-hash=\"#elementor-action%3Aaction%3Dlightbox%26settings%3DeyJpZCI6MjI0NywidXJsIjoiaHR0cDpcL1wva3Nlcm9kcnVrLmNvbS5wbFwvd3AtY29udGVudFwvdXBsb2Fkc1wvMjAyNFwvMDNcL3p6X3Vsb3RrYTNkemllbG5hMy5qcGciLCJzbGlkZXNob3ciOiIwZmYwMTlkIn0%3D\" href='http:\/\/kserodruk.com.pl\/wp-content\/uploads\/2024\/03\/zz_ulotka3dzielna3.jpg'><img loading=\"lazy\" decoding=\"async\" width=\"617\" height=\"800\" src=\"http:\/\/kserodruk.com.pl\/wp-content\/uploads\/2024\/03\/zz_ulotka3dzielna3.jpg\" class=\"attachment-full size-full\" alt=\"\" srcset=\"http:\/\/kserodruk.com.pl\/wp-content\/uploads\/2024\/03\/zz_ulotka3dzielna3.jpg 617w, http:\/\/kserodruk.com.pl\/wp-content\/uploads\/2024\/03\/zz_ulotka3dzielna3-231x300.jpg 231w\" sizes=\"(max-width: 617px) 100vw, 617px\" \/><\/a>\n\t\t\t<\/div><\/figure><figure class='gallery-item'>\n\t\t\t<div class='gallery-icon portrait'>\n\t\t\t\t<a data-elementor-open-lightbox=\"yes\" data-elementor-lightbox-slideshow=\"0ff019d\" data-elementor-lightbox-title=\"zz_zaproszenie\" data-e-action-hash=\"#elementor-action%3Aaction%3Dlightbox%26settings%3DeyJpZCI6MjI1NiwidXJsIjoiaHR0cDpcL1wva3Nlcm9kcnVrLmNvbS5wbFwvd3AtY29udGVudFwvdXBsb2Fkc1wvMjAyNFwvMDNcL3p6X3phcHJvc3plbmllLmpwZyIsInNsaWRlc2hvdyI6IjBmZjAxOWQifQ%3D%3D\" href='http:\/\/kserodruk.com.pl\/wp-content\/uploads\/2024\/03\/zz_zaproszenie.jpg'><img loading=\"lazy\" decoding=\"async\" width=\"617\" height=\"800\" src=\"http:\/\/kserodruk.com.pl\/wp-content\/uploads\/2024\/03\/zz_zaproszenie.jpg\" class=\"attachment-full size-full\" alt=\"\" srcset=\"http:\/\/kserodruk.com.pl\/wp-content\/uploads\/2024\/03\/zz_zaproszenie.jpg 617w, http:\/\/kserodruk.com.pl\/wp-content\/uploads\/2024\/03\/zz_zaproszenie-231x300.jpg 231w\" sizes=\"(max-width: 617px) 100vw, 617px\" \/><\/a>\n\t\t\t<\/div><\/figure><figure class='gallery-item'>\n\t\t\t<div class='gallery-icon portrait'>\n\t\t\t\t<a data-elementor-open-lightbox=\"yes\" data-elementor-lightbox-slideshow=\"0ff019d\" data-elementor-lightbox-title=\"zz_kupon2\" data-e-action-hash=\"#elementor-action%3Aaction%3Dlightbox%26settings%3DeyJpZCI6MjI2MCwidXJsIjoiaHR0cDpcL1wva3Nlcm9kcnVrLmNvbS5wbFwvd3AtY29udGVudFwvdXBsb2Fkc1wvMjAyNFwvMDNcL3p6X2t1cG9uMi5qcGciLCJzbGlkZXNob3ciOiIwZmYwMTlkIn0%3D\" href='http:\/\/kserodruk.com.pl\/wp-content\/uploads\/2024\/03\/zz_kupon2.jpg'><img loading=\"lazy\" decoding=\"async\" width=\"617\" height=\"800\" src=\"http:\/\/kserodruk.com.pl\/wp-content\/uploads\/2024\/03\/zz_kupon2.jpg\" class=\"attachment-full size-full\" alt=\"\" srcset=\"http:\/\/kserodruk.com.pl\/wp-content\/uploads\/2024\/03\/zz_kupon2.jpg 617w, http:\/\/kserodruk.com.pl\/wp-content\/uploads\/2024\/03\/zz_kupon2-231x300.jpg 231w\" sizes=\"(max-width: 617px) 100vw, 617px\" \/><\/a>\n\t\t\t<\/div><\/figure><figure class='gallery-item'>\n\t\t\t<div class='gallery-icon portrait'>\n\t\t\t\t<a data-elementor-open-lightbox=\"yes\" data-elementor-lightbox-slideshow=\"0ff019d\" data-elementor-lightbox-title=\"zz_pizza\" data-e-action-hash=\"#elementor-action%3Aaction%3Dlightbox%26settings%3DeyJpZCI6MjI2OSwidXJsIjoiaHR0cDpcL1wva3Nlcm9kcnVrLmNvbS5wbFwvd3AtY29udGVudFwvdXBsb2Fkc1wvMjAyNFwvMDNcL3p6X3BpenphLmpwZyIsInNsaWRlc2hvdyI6IjBmZjAxOWQifQ%3D%3D\" href='http:\/\/kserodruk.com.pl\/wp-content\/uploads\/2024\/03\/zz_pizza.jpg'><img loading=\"lazy\" decoding=\"async\" width=\"617\" height=\"800\" src=\"http:\/\/kserodruk.com.pl\/wp-content\/uploads\/2024\/03\/zz_pizza.jpg\" class=\"attachment-full size-full\" alt=\"\" srcset=\"http:\/\/kserodruk.com.pl\/wp-content\/uploads\/2024\/03\/zz_pizza.jpg 617w, http:\/\/kserodruk.com.pl\/wp-content\/uploads\/2024\/03\/zz_pizza-231x300.jpg 231w\" sizes=\"(max-width: 617px) 100vw, 617px\" \/><\/a>\n\t\t\t<\/div><\/figure><figure class='gallery-item'>\n\t\t\t<div class='gallery-icon portrait'>\n\t\t\t\t<a data-elementor-open-lightbox=\"yes\" data-elementor-lightbox-slideshow=\"0ff019d\" data-elementor-lightbox-title=\"zz_tybki\" data-e-action-hash=\"#elementor-action%3Aaction%3Dlightbox%26settings%3DeyJpZCI6MjI3MSwidXJsIjoiaHR0cDpcL1wva3Nlcm9kcnVrLmNvbS5wbFwvd3AtY29udGVudFwvdXBsb2Fkc1wvMjAyNFwvMDNcL3p6X3R5YmtpLmpwZyIsInNsaWRlc2hvdyI6IjBmZjAxOWQifQ%3D%3D\" href='http:\/\/kserodruk.com.pl\/wp-content\/uploads\/2024\/03\/zz_tybki.jpg'><img loading=\"lazy\" decoding=\"async\" width=\"617\" height=\"800\" src=\"http:\/\/kserodruk.com.pl\/wp-content\/uploads\/2024\/03\/zz_tybki.jpg\" class=\"attachment-full size-full\" alt=\"\" srcset=\"http:\/\/kserodruk.com.pl\/wp-content\/uploads\/2024\/03\/zz_tybki.jpg 617w, http:\/\/kserodruk.com.pl\/wp-content\/uploads\/2024\/03\/zz_tybki-231x300.jpg 231w\" sizes=\"(max-width: 617px) 100vw, 617px\" \/><\/a>\n\t\t\t<\/div><\/figure>\n\t\t<\/div>\n\t\t<\/div>\n\t\t\t\t<\/div>\n\t\t\t\t<\/div>\n\t\t\t\t\t<\/div>\n\t\t\t\t<\/div>\n\t\t\t\t<\/div>\n\t\t","protected":false},"excerpt":{"rendered":"<p>kserodruk to najni\u017csze ceny w mie\u015bcie i szybka realizacja PORTFOLIO Oto klika z przyk\u0142ad\u00f3w naszych realizacji.\u00a0<\/p>\n","protected":false},"author":1,"featured_media":0,"parent":0,"menu_order":0,"comment_status":"closed","ping_status":"closed","template":"","meta":{"site-sidebar-layout":"no-sidebar","site-content-layout":"","ast-site-content-layout":"full-width-container","site-content-style":"default","site-sidebar-style":"default","ast-global-header-display":"disabled","ast-banner-title-visibility":"","ast-main-header-display":"","ast-hfb-above-header-display":"","ast-hfb-below-header-display":"","ast-hfb-mobile-header-display":"","site-post-title":"disabled","ast-breadcrumbs-content":"","ast-featured-img":"disabled","footer-sml-layout":"disabled","theme-transparent-header-meta":"","adv-header-id-meta":"","stick-header-meta":"","header-above-stick-meta":"","header-main-stick-meta":"","header-below-stick-meta":"","astra-migrate-meta-layouts":"default","ast-page-background-enabled":"default","ast-page-background-meta":{"desktop":{"background-color":"var(--ast-global-color-4)","background-image":"","background-repeat":"repeat","background-position":"center center","background-size":"auto","background-attachment":"scroll","background-type":"","background-media":"","overlay-type":"","overlay-color":"","overlay-gradient":""},"tablet":{"background-color":"","background-image":"","background-repeat":"repeat","background-position":"center center","background-size":"auto","background-attachment":"scroll","background-type":"","background-media":"","overlay-type":"","overlay-color":"","overlay-gradient":""},"mobile":{"background-color":"","background-image":"","background-repeat":"repeat","background-position":"center center","background-size":"auto","background-attachment":"scroll","background-type":"","background-media":"","overlay-type":"","overlay-color":"","overlay-gradient":""}},"ast-content-background-meta":{"desktop":{"background-color":"var(--ast-global-color-5)","background-image":"","background-repeat":"repeat","background-position":"center center","background-size":"auto","background-attachment":"scroll","background-type":"","background-media":"","overlay-type":"","overlay-color":"","overlay-gradient":""},"tablet":{"background-color":"var(--ast-global-color-5)","background-image":"","background-repeat":"repeat","background-position":"center center","background-size":"auto","background-attachment":"scroll","background-type":"","background-media":"","overlay-type":"","overlay-color":"","overlay-gradient":""},"mobile":{"background-color":"var(--ast-global-color-5)","background-image":"","background-repeat":"repeat","background-position":"center center","background-size":"auto","background-attachment":"scroll","background-type":"","background-media":"","overlay-type":"","overlay-color":"","overlay-gradient":""}},"footnotes":""},"class_list":["post-2153","page","type-page","status-publish","hentry"],"_links":{"self":[{"href":"http:\/\/kserodruk.com.pl\/index.php?rest_route=\/wp\/v2\/pages\/2153","targetHints":{"allow":["GET"]}}],"collection":[{"href":"http:\/\/kserodruk.com.pl\/index.php?rest_route=\/wp\/v2\/pages"}],"about":[{"href":"http:\/\/kserodruk.com.pl\/index.php?rest_route=\/wp\/v2\/types\/page"}],"author":[{"embeddable":true,"href":"http:\/\/kserodruk.com.pl\/index.php?rest_route=\/wp\/v2\/users\/1"}],"replies":[{"embeddable":true,"href":"http:\/\/kserodruk.com.pl\/index.php?rest_route=%2Fwp%2Fv2%2Fcomments&post=2153"}],"version-history":[{"count":67,"href":"http:\/\/kserodruk.com.pl\/index.php?rest_route=\/wp\/v2\/pages\/2153\/revisions"}],"predecessor-version":[{"id":2361,"href":"http:\/\/kserodruk.com.pl\/index.php?rest_route=\/wp\/v2\/pages\/2153\/revisions\/2361"}],"wp:attachment":[{"href":"http:\/\/kserodruk.com.pl\/index.php?rest_route=%2Fwp%2Fv2%2Fmedia&parent=2153"}],"curies":[{"name":"wp","href":"https:\/\/api.w.org\/{rel}","templated":true}]}}